1)/12). Suppose -q*l = -107 - 77. What is the remainder when l is divided by 16?
14
Let z = 7858 + -7594. What is the remainder when z is divided by 82?
18
Let a = 159 - 223. Let r = 66 + a. Suppose -2*t = -5*u - 95, 4*t - 154 = -0*t - r*u. What is the remainder when 157 is divided by t?
37
Let r = 20 - 6. Let i be 8 + -2 + -6 - 889. Let u = i - -968. Calculate the remainder when u is divided by r.
9
Suppose -2*n - 2 = 3*q, -3*n + 0*q - 4*q = 2. Let y(s) = 16*s + 8. Calculate the remainder when (-1)/3 + (-1056)/(-9) is divided by y(n).
37
Suppose -2*a - p + 81 = 0, 0 = -4*a - 4*p + 450 - 278. Calculate the remainder when 3904 is divided by a.
28
Calculate the remainder when 976 is divided by 162 + -167 - 5*4/(-10)*7.
4
Suppose -3*i + 56 + 100 = 6*j, -83 = -2*i - j. What is the remainder when 1325 is divided by i?
33
Suppose -4015*d + 4020*d - 425 = 0. What is the remainder when d is divided by 3?
1
Suppose -o - 13 = 5*p - 4*o, p = -2*o. Let s(y) = -8*y - 1. Let f(v) = -v**3 + v**2 + 58. Calculate the remainder when f(0) is divided by s(p).
13
Let x be ((-30)/(-25))/(-1)*(-475)/10. Let p = x + 15. What is the remainder when p is divided by 26?
20
Let w(s) = 2*s + 80. Let c(r) = -11*r**2 + 12*r - 5. Let b be c(2). Calculate the remainder when 118 is divided by w(b).
28
Let q be (-3 + 5)*-2*-1 - -1. Suppose -3*x = -x + q*a - 14, 5*x + 2*a = 77. Let c(t) = -t**2 + 8*t - 2. What is the remainder when x is divided by c(6)?
7
Suppose -x + 109 = 4*w, -2*w + 0 + 8 = 0. Calculate the remainder when 1390 is divided by x.
88
Let p = -660 - -1166. Let x = -491 + p. Calculate the remainder when 67 is divided by x.
7
Let u(t) = -2*t - 4. Let s be (-3)/12 - 0 - 837/12. Let b = s + 78. Calculate the remainder when u(-13) is divided by b.
6
Let v(y) = y**2 - 7*y + 11. Suppose -25762 = -4*q - 24958. Calculate the remainder when q is divided by v(9).
27
Suppose 2*o - 2*c + 1257 = c, 4*o + 2490 = -2*c. Let h(k) = 2*k + 11. Calculate the remainder when h(8) is divided by (-3)/(4/(-26) + 21/o).
11
Let p = -518 + 622. Suppose -105*d + p*d = -42. Calculate the remainder when 334 is divided by d.
40
Suppose 5*j = -497 + 122. Let w = 98 + j. Let o = 9 + -5. Calculate the remainder when w is divided by o.
3
What is the remainder when (-2)/5 + (1638/(-5))/(-9) is divided by 72/5 - (0 - (-4)/10)?
8
Suppose -j + 31 - 33 = 0, -2*i + 114 = -2*j. What is the remainder when 165 is divided by 11*3/i + 204/10?
18
Suppose 4*t = -4*z, 4*t + 2*z - 4 = -0*z. Suppose -x + 5*w + 22 = t*x, -w = -4. Let u = 54249 + -54167. Calculate the remainder when u is divided by x.
12
Let z = -4535 + 4709. Calculate the remainder when 544 is divided by z.
22
Suppose -4*i + 7*i - 183 = 0. Suppose 41*k - 264 = 8*k. Calculate the remainder when i is divided by k.
5
Suppose 0 = 11*c - 14*c. Let d = c - -93. Suppose 0*v - 4*v + 5*w = -d, -w = -3. What is the remainder when v is divided by 6?
3
Suppose -u - 4*j + 79 = 0, -37*j = -40*j + 9. What is the remainder when 601 is divided by u?
65
Let q = -15 + 27. Let m(v) = 9*v**2 + 1018*v + 280. What is the remainder when m(-113) is divided by q?
11
What is the remainder when (74/(-703) + (-31485)/(-19))*1 - 5 is divided by 23?
19
Suppose 0 = -2*f + 2*r + 6, 0 = -f - 13*r + 9*r + 13. What is the remainder when (-1)/(f/2) - 3933/(-95) is divided by 25?
16
Let i(t) = -362*t - 5. Let h(v) = -720*v - 12. Let l(c) = -2*h(c) + 5*i(c). Calculate the remainder when l(-1) is divided by 53.
51
Suppose 45*h = 34*h + 220. What is the remainder when 776 is divided by h?
16
Suppose -8*w + 5126 + 570 = -672. What is the remainder when w is divided by 8?
4
Let h(z) = z**3 - 10*z**2 - 21*z + 65. Calculate the remainder when 105 is divided by h(12).
4
Let o be 35 + 4/8*2. Let h(i) = -22*i - 37. What is the remainder when o*((-5)/(-2) - 2) is divided by h(-2)?
4
Calculate the remainder when (12/14)/((-46)/(-115) - 261/665) is divided by 64.
50
Suppose 173 - 181 = -2*b. What is the remainder when (-1 - (b - 73)) + 3 + 3 is divided by 11?
8
Suppose -80*l = -83*l + 666. Suppose -l = -3*k + 123. Calculate the remainder when k is divided by 54.
7
Let t(k) = 2*k**3 + 7*k**2 - 52*k - 6. Let l be (8 - 15)/(-2*1/(-2)). Calculate the remainder when t(l) is divided by 9.
6
Let v(w) = w**2 + 3*w + 5. Let s be v(-2). Suppose -s*x + 474 = 36. What is the remainder when x is divided by 7?
6
Let l(x) = 3*x**2 - 6*x - 13. Let v = 3100 - 3076. What is the remainder when l(7) is divided by v?
20
Let g(r) = r**2 - 124*r + 510. Calculate the remainder when 921 is divided by g(4).
21
Calculate the remainder when (0 - (-10)/6) + 29100/225 is divided by 58.
15
Suppose -78 = -2*w + 4*q, -w + 45*q - 48*q + 64 = 0. Suppose 28*k = w*k - 1218. Suppose 0 = -3*b + 8 + 52. Calculate the remainder when k is divided by b.
18
Suppose -166 = -7*g - 425. Let x = -23 - g. Calculate the remainder when 45 is divided by x.
3
Let a(o) = o**2 - 34*o + 67. Let j be a(32). Suppose -l + 4*l - 2*h = 64, 4*l = j*h + 86. Calculate the remainder when l is divided by 11.
9
Suppose 5*i = 4*t - 373, 2*i + 9 + 1 = 0. Let q = -45 + t. Suppose -2*v - 66 = -5*p, -6*p = -2*p + 2*v - q. What is the remainder when 31 is divided by p?
7
Let g(c) = c + 4. Let s = -154 + 201. Suppose -s = 39*h - 40*h. Calculate the remainder when h is divided by g(6).
7
Suppose 5*b - 240 - 5 = 0. Suppose 2*z - 260 = 2*n, 7671*n = 5*z + 7669*n - 698. What is the remainder when z is divided by b?
48
Let q be (-3)/((60/224)/(-15)). Let l = q + -165. Calculate the remainder when 43 is divided by l.
1
Let h = -11 + 20. Let f = 103 - 103. Suppose 0*s + 9*s - 126 = f. Calculate the remainder when s is divided by h.
5
Let r(a) be the second derivative of -a**5/20 + 11*a**4/12 - a**3 - 12*a**2 - 85*a. What is the remainder when 79 is divided by r(10)?
15
Let r = -25 + 220. Let g(y) = -y**3 - 34*y**2 + 3*y + 119. What is the remainder when r is divided by g(-34)?
8
Let t = -259 - -287. What is the remainder when ((-34)/(-10))/((13/325)/1) is divided by t?
1
Calculate the remainder when 73 is divided by (-978)/(-24) - 11/(-220)*5.
32
Let s be 3/((-6)/(-10)) - (-1 + 1). What is the remainder when 180 is divided by (276/(-9))/(s - 85/15)?
42
Let o(s) = 7*s - 4. Suppose -10*l = -11*l + 3*x + 45, 5*l - x = 225. What is the remainder when l is divided by o(4)?
21
Let t be -26 - (-8 + (-18)/(-6)). What is the remainder when 7 + 282/(-42) - 1527/t is divided by 26?
21
Let y be ((-15)/30)/((-3)/12). Calculate the remainder when 37*-1*(-1)/1 is divided by (-380)/285*(y - 38/4).
7
Let b(j) be the second derivative of 19/6*j**3 + 0 - 4*j - 12*j**2 - 5/3*j**4 - 1/20*j**5. What is the remainder when 53 is divided by b(-21)?
17
Let u(j) = j**2 + 20. Let i(a) be the second derivative of a**4/12 + 5*a**3/6 + 9*a**2/2 + a + 41. What is the remainder when u(0) is divided by i(-4)?
0
Let y(u) = 3*u**2 - 15*u + 6. Let w be (-3)/2*(2 + -6 - -6). Let q be w/12*-23 - (-5)/20. What is the remainder when y(q) is divided by 5?
4
Let b(i) = -10*i - 52. Let k(a) = 3*a + 17. Let j(x) = -3*b(x) - 8*k(x). Let s be j(6). Suppose s = 5*w - 3*w. What is the remainder when 52 is divided by w?
24
Let k = -233 + 237. Suppose 7*i - l - 12 = 2*i, 5*l - 27 = -k*i. Let f = 18 + -11. Calculate the remainder when f is divided by i.
1
Let z(m) = -m + 4. Let j be z(2). Suppose j*s = 7*s - 15. Suppose 10 = -5*k + s*k, -5*p - 2*k + 90 = 0. Calculate the remainder when 75 is divided by p.
15
Suppose 4*w - 9 = -p, -11*p + w - 15 = -12*p. Suppose p*y + 13*y = 18870. Calculate the remainder when y is divided by 45.
44
Let u(i) = 6*i**2 - i. Let g be u(-3). Let r = 102 - g. Calculate the remainder when r is divided by (-12)/14*(-94 + 80).
9
Let k = -86 - -87. What is the remainder when (-3)/6*(k + -69) is divided by 21?
13
Calculate the remainder when 15222 is divided by 2 + (-84 - -83)/((-2)/(-22)) - -55.
42
What is the remainder when 700 is divided by 256 - (-35)/14*(-96)/20?
212
Suppose 5*u = -3*g + 6, -3*u = -u - 2*g - 12. Suppose -b + 26 = -u. Calculate the remainder when (-1 - 1)*(-71 - 0) is divided by b.
26
Let x(n) = 512*n + 279. What is the remainder when x(3) is divided by 602?
9
Let s(h) = 141*h + 219. Let x be s(-6). Let j = x + 888. Calculate the remainder when j is divided by 12.
9
Suppose 48*f + 11